{"id":3447,"date":"2019-03-21T13:19:07","date_gmt":"2019-03-21T13:19:07","guid":{"rendered":"https:\/\/biblioteca.med.up.pt\/wordpress\/?page_id=3447"},"modified":"2019-03-21T13:22:29","modified_gmt":"2019-03-21T13:22:29","slug":"exposicao-corpo-humano-a-ciencia-da-vida","status":"publish","type":"page","link":"https:\/\/biblioteca.med.up.pt\/wordpress\/exposicao-corpo-humano-a-ciencia-da-vida\/","title":{"rendered":"Exposi\u00e7\u00e3o \ud83d\udc41\u200d\ud83d\udde8"},"content":{"rendered":"<p><span style=\"color: #000000;\">Tendo passado pelas grandes capitais mundiais, onde foi visitada por milh\u00f5es de pessoas, chega ao porto uma das maiores exposi\u00e7\u00f5es sobre o corpo humano, internacionalmente reconhecida pela qualidade do seu acervo e alcance pedag\u00f3gico.<\/span><\/p>\n<p><span style=\"color: #000000;\">Exposi\u00e7\u00e3o &#8220;Corpo Humano &#8211; A Ci\u00eancia da Vida&#8221;, estar\u00e1 em exibi\u00e7\u00e3o no edif\u00edcio da alfandega, de 1 de fevereiro a 31 de julho de 2019.<\/span><\/p>\n<p><span style=\"color: #000000;\">Mais informa\u00e7\u00f5es <a href=\"https:\/\/www.ccalfandegaporto.com\/pt\/agenda\/exposicao-corpo-humano-a-ciencia-da-vida\/\" target=\"_blank\" rel=\"noopener noreferrer\">AQUI<\/a>.<\/span><\/p>\n","protected":false},"excerpt":{"rendered":"<p>Tendo passado pelas grandes capitais mundiais, onde foi visitada por milh\u00f5es de pessoas, chega ao porto uma das maiores exposi\u00e7\u00f5es sobre o corpo humano, internacionalmente reconhecida pela qualidade do seu acervo e alcance pedag\u00f3gico. Exposi\u00e7\u00e3o &#8220;Corpo Humano &#8211; A Ci\u00eancia <a href=\"https:\/\/biblioteca.med.up.pt\/wordpress\/exposicao-corpo-humano-a-ciencia-da-vida\/\" class=\"read-more\">Ler mais &#8230;<\/a><\/p>\n","protected":false},"author":7,"featured_media":3395,"parent":0,"menu_order":0,"comment_status":"closed","ping_status":"closed","template":"","meta":[],"_links":{"self":[{"href":"https:\/\/biblioteca.med.up.pt\/wordpress\/wp-json\/wp\/v2\/pages\/3447"}],"collection":[{"href":"https:\/\/biblioteca.med.up.pt\/wordpress\/wp-json\/wp\/v2\/pages"}],"about":[{"href":"https:\/\/biblioteca.med.up.pt\/wordpress\/wp-json\/wp\/v2\/types\/page"}],"author":[{"embeddable":true,"href":"https:\/\/biblioteca.med.up.pt\/wordpress\/wp-json\/wp\/v2\/users\/7"}],"replies":[{"embeddable":true,"href":"https:\/\/biblioteca.med.up.pt\/wordpress\/wp-json\/wp\/v2\/comments?post=3447"}],"version-history":[{"count":0,"href":"https:\/\/biblioteca.med.up.pt\/wordpress\/wp-json\/wp\/v2\/pages\/3447\/revisions"}],"wp:featuredmedia":[{"embeddable":true,"href":"https:\/\/biblioteca.med.up.pt\/wordpress\/wp-json\/wp\/v2\/media\/3395"}],"wp:attachment":[{"href":"https:\/\/biblioteca.med.up.pt\/wordpress\/wp-json\/wp\/v2\/media?parent=3447"}],"curies":[{"name":"wp","href":"https:\/\/api.w.org\/{rel}","templated":true}]}}

Exposição 👁‍🗨

<p><span style="color: #000000;">Tendo passado pelas grandes capitais mundiais, onde foi visitada por milhões de pessoas, chega ao porto uma das maiores exposições sobre o corpo humano, internacionalmente reconhecida pela qualidade do seu acervo e alcance pedagógico.</span></p>
<p><span style="color: #000000;">Exposição &#8220;Corpo Humano &#8211; A Ciência da Vida&#8221;, estará em exibição no edifício da alfandega, de 1 de fevereiro a 31 de julho de 2019.</span></p>
<p><span style="color: #000000;">Mais informações <a href="https://www.ccalfandegaporto.com/pt/agenda/exposicao-corpo-humano-a-ciencia-da-vida/" target="_blank" rel="noopener noreferrer">AQUI</a>.</span></p>

<p>Tendo passado pelas grandes capitais mundiais, onde foi visitada por milhões de pessoas, chega ao porto uma das maiores exposições sobre o corpo humano, internacionalmente reconhecida pela qualidade do seu acervo e alcance pedagógico. Exposição &#8220;Corpo Humano &#8211; A Ciência <a href="https://biblioteca.med.up.pt/wordpress/exposicao-corpo-humano-a-ciencia-da-vida/" class="read-more">Ler mais &#8230;</a></p>
