{"id":22243,"date":"2024-12-16T10:09:27","date_gmt":"2024-12-16T10:09:27","guid":{"rendered":"https:\/\/biblioteca.med.up.pt\/?page_id=22243"},"modified":"2025-09-22T14:34:53","modified_gmt":"2025-09-22T13:34:53","slug":"publicacao-cientifica","status":"publish","type":"page","link":"https:\/\/biblioteca.med.up.pt\/wordpress\/publicacao-cientifica\/","title":{"rendered":"Publica\u00e7\u00e3o cient\u00edfica"},"content":{"rendered":"<p><span style=\"color: #000000;\" data-contrast=\"auto\"><a href=\"https:\/\/www.up.pt\/portal\/pt\/updigital\/recursos-documentacao-informacao\/updigital-ciencia-aberta\/publicar-acesso-aberto\/\" target=\"_blank\" rel=\"noopener\">Publica\u00e7\u00e3o em Acesso Aberto: Acordos U.Porto e b-on<\/a>.<\/span><\/p>\n","protected":false},"excerpt":{"rendered":"<p>Publica\u00e7\u00e3o em Acesso Aberto: Acordos U.Porto e b-on.<\/p>\n","protected":false},"author":7,"featured_media":0,"parent":0,"menu_order":0,"comment_status":"closed","ping_status":"closed","template":"","meta":[],"_links":{"self":[{"href":"https:\/\/biblioteca.med.up.pt\/wordpress\/wp-json\/wp\/v2\/pages\/22243"}],"collection":[{"href":"https:\/\/biblioteca.med.up.pt\/wordpress\/wp-json\/wp\/v2\/pages"}],"about":[{"href":"https:\/\/biblioteca.med.up.pt\/wordpress\/wp-json\/wp\/v2\/types\/page"}],"author":[{"embeddable":true,"href":"https:\/\/biblioteca.med.up.pt\/wordpress\/wp-json\/wp\/v2\/users\/7"}],"replies":[{"embeddable":true,"href":"https:\/\/biblioteca.med.up.pt\/wordpress\/wp-json\/wp\/v2\/comments?post=22243"}],"version-history":[{"count":6,"href":"https:\/\/biblioteca.med.up.pt\/wordpress\/wp-json\/wp\/v2\/pages\/22243\/revisions"}],"predecessor-version":[{"id":23066,"href":"https:\/\/biblioteca.med.up.pt\/wordpress\/wp-json\/wp\/v2\/pages\/22243\/revisions\/23066"}],"wp:attachment":[{"href":"https:\/\/biblioteca.med.up.pt\/wordpress\/wp-json\/wp\/v2\/media?parent=22243"}],"curies":[{"name":"wp","href":"https:\/\/api.w.org\/{rel}","templated":true}]}}