{"id":155,"date":"2017-03-27T10:49:40","date_gmt":"2017-03-27T10:49:40","guid":{"rendered":"https:\/\/biblioteca.web.med.up.pt\/wordpress\/?page_id=155"},"modified":"2024-09-26T09:56:54","modified_gmt":"2024-09-26T08:56:54","slug":"nota-historica","status":"publish","type":"page","link":"https:\/\/biblioteca.med.up.pt\/wordpress\/nota-historica\/","title":{"rendered":"Nota Hist\u00f3rica \ud83d\udcd3"},"content":{"rendered":"<p><span style=\"color: #000000;\">A biblioteca da Faculdade de Medicina da Universidade do Porto remonta ao ano de 1825, altura da cria\u00e7\u00e3o das R\u00e9gias Escolas de Cirurgia de Lisboa e Porto, a funcionar respetivamente no Hospital de S\u00e3o Jos\u00e9 e no Hospital de Santo Ant\u00f3nio no \u00e2ngulo nascente-sul (Alvar\u00e1 de D. Jo\u00e3o VI de 25 de Junho).<\/span><\/p>\n<div id=\"page-wrapper\">\n<div id=\"page\">\n<div id=\"main-wrapper\" class=\"clearfix\">\n<div id=\"main\" class=\"clearfix\">\n<div id=\"content\" class=\"column\">\n<div class=\"section\">\n<div class=\"region region-content\">\n<div id=\"block-system-main\" class=\"block block-system\">\n<div class=\"content\">\n<div id=\"node-502\" class=\"node node-page node-full clearfix\">\n<div class=\"content clearfix\">\n<div class=\"field field-name-body field-type-text-with-summary field-label-hidden\">\n<div class=\"field-items\">\n<div class=\"field-item even\">\n<p><span style=\"color: #000000;\">O regulamento da Escola criava uma biblioteca a cargo do porteiro das aulas. Por\u00e9m, como a verba atribu\u00edda \u00e0 gest\u00e3o da escola era irris\u00f3ria, os seus primeiros Professores decidiram com a d\u00e9cima do seu parco ordenado, comprar livros para a biblioteca. Assim, quando em 1836, a Real Escola de Cirurgia do Porto passa a Escola M\u00e9dico-Cir\u00fargica contava a biblioteca 221 volumes. O regulamento da Escola M\u00e9dica, criava ent\u00e3o uma biblioteca que deveria conter &#8220;uma cole\u00e7\u00e3o, a mais completa poss\u00edvel de livros, estampas e jornais de Medicina e Sciencias acessorias, preferindo-se possuir aquellas edi\u00e7\u00f5es, que por mais modernas, ou por outras considera\u00e7\u00f5es se tornem mais importantes&#8221;. Por isso, o Conselho Escolar, dos fundos que tivesse \u00e0 sua disposi\u00e7\u00e3o, destinaria todos os anos uma quantia para compra de livros, estampas e jornais.<\/span><br \/>\n<span style=\"color: #000000;\"> A biblioteca foi enriquecendo o seu fundo bibliogr\u00e1fico por meio de compras e de ofertas, mas o que lhe deu grande impulso foi a incorpora\u00e7\u00e3o de cerca de 2000 volumes que pertenciam \u00e0s livrarias dos Conventos de Coimbra e Porto, extintos pelo governo liberal. Foram ent\u00e3o doados livros que tinham por objeto a Medicina, Cirurgia, Hist\u00f3ria Natural, F\u00edsica, Qu\u00edmica e outras ci\u00eancias afins. Ao longo dos anos a Escola foi catalogando os seus livros. Em 1839 estava organizado um &#8220;Invent\u00e1rio da Livraria&#8221; que seria no entender do Prof. Pires de Lima um manuscrito encarnado com folhas, algumas das quais j\u00e1 desaparecidas em 1910.<\/span><\/p>\n<figure id=\"attachment_156\" aria-describedby=\"caption-attachment-156\" style=\"width: 149px\" class=\"wp-caption alignleft\"><a href=\"https:\/\/sigarra.up.pt\/up\/pt\/web_base.gera_pagina?P_pagina=1000775\"><img decoding=\"async\" loading=\"lazy\" class=\"wp-image-156 size-full\" src=\"https:\/\/biblioteca.med.up.pt\/wordpress\/wp-content\/uploads\/2017\/03\/joaquim_guilherme_gomes_coelho.jpg\" alt=\"Joaquim Guilherme Gomes Coelho \" width=\"149\" height=\"200\" \/><\/a><figcaption id=\"caption-attachment-156\" class=\"wp-caption-text\">Joaquim Guilherme Gomes Coelho<br \/>(J\u00falio Dinis)1839-1871<br \/>M\u00e9dico, escritor e professor<\/figcaption><\/figure>\n<p><span style=\"color: #000000;\">\u00c9 curioso notar que em 1868, o Prof. Gomes Coelho (J\u00falio Dinis), ent\u00e3o bibliotec\u00e1rio por ser Lente-Secret\u00e1rio, segundo o regulamento da Escola, pediu autoriza\u00e7\u00e3o para regulamentar os servi\u00e7os da biblioteca no sentido de evitar o extravio de livros, pois, retirados facilmente pelos leitores, &#8220;nem sempre voltavam com a mesma facilidade&#8221;. Apesar de alguns extravios, o n\u00famero de volumes foi aumentando, concorrendo tamb\u00e9m algumas ofertas valiosas salientando as das irm\u00e3s do Prof. Assis (158 volumes de teses de Paris), as do Prof. Carlos Lopes e sobretudo as do Prof. Gouveia Os\u00f3rio (1887) que muito vieram enriquecer a cole\u00e7\u00e3o dos cl\u00e1ssicos m\u00e9dicos portugueses.<\/span><\/p>\n<p><span style=\"color: #000000;\">No decorrer dos tempos, muitos outros legados deram entrada na biblioteca a par das obras adquiridas, ou por requisi\u00e7\u00e3o direta dos Professores ou por interm\u00e9dio de uma Comiss\u00e3o especial constitu\u00edda por 3 professores. Esta Comiss\u00e3o durou uns anos passando-se depois ao regime de requisi\u00e7\u00e3o.<\/span><br \/>\n<span style=\"color: #000000;\"> Ao longo dos tempos os Professores desta Escola sempre se bateram pelo crescimento das cole\u00e7\u00f5es da Biblioteca, conserva\u00e7\u00e3o e sua inventaria\u00e7\u00e3o. Quando a Escola M\u00e9dico-Cir\u00fargica abandona as instala\u00e7\u00f5es ex\u00edguas do Hospital de Santo Ant\u00f3nio e se muda para a cerca do Carmo em 1885 (Edif\u00edcio Antigo do Instituto de Ci\u00eancias Biom\u00e9dicas Abel Salazar) a biblioteca possu\u00eda j\u00e1 cerca de 8 mil volumes. Aqui, nestas instala\u00e7\u00f5es dispunha de uma depend\u00eancia perfeita, que com o correr dos tempos se tornou igualmente insuficiente. Quando o Prof. Pires de Lima em 1907 foi nomeado bibliotec\u00e1rio contava a biblioteca 10.500 volumes. O seu cat\u00e1logo publicado em 1910 referia j\u00e1 12.277 volumes.<\/span><\/p>\n<figure id=\"attachment_157\" aria-describedby=\"caption-attachment-157\" style=\"width: 211px\" class=\"wp-caption alignright\"><img decoding=\"async\" loading=\"lazy\" class=\"wp-image-157 size-medium\" src=\"https:\/\/biblioteca.med.up.pt\/wordpress\/wp-content\/uploads\/2017\/03\/pires_lima2-211x300.jpg\" alt=\"Joaquim Pires de Lima\" width=\"211\" height=\"300\" srcset=\"https:\/\/biblioteca.med.up.pt\/wp-content\/uploads\/2017\/03\/pires_lima2-211x300.jpg 211w, https:\/\/biblioteca.med.up.pt\/wp-content\/uploads\/2017\/03\/pires_lima2.jpg 506w\" sizes=\"(max-width: 211px) 100vw, 211px\" \/><figcaption id=\"caption-attachment-157\" class=\"wp-caption-text\">Joaquim Pires de Lima<br \/>1886-1966<br \/>M\u00e9dico, bot\u00e2nico, professor universit\u00e1rio e etn\u00f3grafo<\/figcaption><\/figure>\n<p><span style=\"color: #000000;\">Em 1925 tinha a biblioteca 25.000 volumes. Durante 40 anos (1907-1947) o Prof. Pires de Lima exerceu devotadamente as suas fun\u00e7\u00f5es de bibliotec\u00e1rio e triplicou o n\u00famero de volumes da biblioteca.<\/span><br \/>\n<span style=\"color: #000000;\"> Para al\u00e9m dos legados citados no Anu\u00e1rio da Faculdade de Medicina do Porto (1919-1927), p\u00e1gina 387, s\u00e3o de real\u00e7ar, por mais significativos, os dos Professor Doutor Pires de Lima, Professor Doutor Hern\u00e2ni Monteiro, Professor Doutor Rocha Pereira, Dr. Paulino Ferreira, Dr. Arlindo Monteiro, as ofertas dos Servi\u00e7os Culturais da Embaixada de Fran\u00e7a, do Instituto Brit\u00e2nico, dos Consulados Alem\u00e3o e Americano e de v\u00e1rias Institui\u00e7\u00f5es culturais, Laborat\u00f3rios, bem como as publica\u00e7\u00f5es que entraram durante anos &#8211; de 1940 a 1968 &#8211; por permuta com os Arquivos de trabalhos da Faculdade de Medicina do Porto, terminado com o volume 79. Contava ent\u00e3o a biblioteca 47.820 volumes.<\/span><\/p>\n<p><span style=\"color: #000000;\">Em 1951, foi publicado o Cat\u00e1logo das obras dos s\u00e9culos XV, XVI, XVII elaborado pela Dra. Maria Elisa Lumiar Ramos, bibliotec\u00e1ria de ent\u00e3o.<\/span><br \/>\n<span style=\"color: #000000;\"> A partir da d\u00e9cada de 70, as ofertas das Institui\u00e7\u00f5es referidas foram diminuindo progressivamente o que veio a afetar o crescimento do nosso acervo bibliogr\u00e1fico. Em 1978, a biblioteca tinha 56 mil volumes, em 1988 &#8211; 61.068 volumes, em 1997 &#8211; 66.665 volumes. Em 2008 &#8211; 84 210 volumes.<\/span><br \/>\n<span style=\"color: #000000;\"> Esporadicamente, a Biblioteca recebeu algumas publica\u00e7\u00f5es da UP, OMS, dos Laborat\u00f3rios Bial, da Funda\u00e7\u00e3o Eng\u00ba Ant\u00f3nio de Almeida, bem como alguns livros oferecidos por autores m\u00e9dicos. H\u00e1 a salientar, em 1992, a doa\u00e7\u00e3o do Prof. Silva Pinto: 32 livros do S\u00e9culo XVIII, 14 do S\u00e9culo XIX e 15 do S\u00e9culo XX.<\/span><br \/>\n<span style=\"color: #000000;\"> Presentemente as aquisi\u00e7\u00f5es da biblioteca, traduzem-se nas atualiza\u00e7\u00f5es essenciais para as \u00e1reas curriculares do Curso de Mestrado Integrado em Medicina da FMUP e na compra de publica\u00e7\u00f5es recomendadas pelos Regentes das respetivas \u00e1reas curriculares.<\/span><br \/>\n<span style=\"color: #000000;\"> Aos poucos, os peri\u00f3dicos, com a colabora\u00e7\u00e3o da Reitoria, t\u00eam vindo a ser disponibilizados em formato online. A biblioteca participou ainda do Cons\u00f3rcio da Rede da UP, beneficiando da sua Biblioteca eletr\u00f3nica.<\/span><\/p>\n<figure id=\"attachment_158\" aria-describedby=\"caption-attachment-158\" style=\"width: 160px\" class=\"wp-caption alignleft\"><img decoding=\"async\" loading=\"lazy\" class=\"wp-image-158 size-full\" src=\"https:\/\/biblioteca.med.up.pt\/wordpress\/wp-content\/uploads\/2017\/03\/hernani_monteiro.png\" alt=\"Hern\u00e2ni Bastos Monteiro\" width=\"160\" height=\"215\" \/><figcaption id=\"caption-attachment-158\" class=\"wp-caption-text\">Hern\u00e2ni Bastos Monteiro<br \/>1891-1963<br \/>M\u00e9dico, professor universit\u00e1rio e escritor<\/figcaption><\/figure>\n<p><span style=\"color: #000000;\">Quando a Escola M\u00e9dico-Cir\u00fargica passou a Faculdade de Medicina em 1911, ainda se encontrava na cerca do Carmo permanecendo neste local at\u00e9 \u00e0 inaugura\u00e7\u00e3o do Hospital de S. Jo\u00e3o, em 24 de Junho de 1959. Dotado este estabelecimento de Estatuto de Hospital Universit\u00e1rio, a Faculdade de Medicina det\u00e9m instala\u00e7\u00f5es pr\u00f3prias e ensino cl\u00ednico pr\u00f3prio, reservando, na altura, uma \u00e1rea para a Biblioteca que ficava distribu\u00edda pelo Piso 6 e Piso 02.<\/span><br \/>\n<span style=\"color: #000000;\"> Atualmente a Biblioteca Central da FMUP encontra-se localizada no complexo de edif\u00edcios que integra o CIM \u2013 Centro de Investiga\u00e7\u00e3o M\u00e9dica &#8211; que foi inaugurado em 2012 por sua Ex\u00aa o Senhor Presidente da Rep\u00fablica Prof. Doutor An\u00edbal Cavaco Silva.<\/span><br \/>\n<span style=\"color: #000000;\"> Com esta mudan\u00e7a a biblioteca ficou beneficiada com amplas e modernas instala\u00e7\u00f5es, o que proporcionou um aumento significativo da aflu\u00eancia de utilizadores.<\/span><br \/>\n<span style=\"color: #000000;\"> Ocupa 2 pisos do edif\u00edcio central do CIM, compreendendo sala de leitura e consulta no piso 1 com cerca de 250 lugares sentados, gabinetes t\u00e9cnicos e uma \u00e1rea de reservados situada no piso 01. Possui ainda uma sala reservada para o Fundo Antigo.<\/span><\/p>\n<\/div>\n<\/div>\n<\/div>\n<\/div>\n<\/div>\n<\/div>\n<\/div>\n<\/div>\n<\/div>\n<\/div>\n<\/div>\n<\/div>\n<\/div>\n<\/div>\n","protected":false},"excerpt":{"rendered":"<p>A biblioteca da Faculdade de Medicina da Universidade do Porto remonta ao ano de 1825, altura da cria\u00e7\u00e3o das R\u00e9gias Escolas de Cirurgia de Lisboa e Porto, a funcionar respetivamente no Hospital de S\u00e3o Jos\u00e9 e no Hospital de Santo <a href=\"https:\/\/biblioteca.med.up.pt\/wordpress\/nota-historica\/\" class=\"read-more\">Ler mais &#8230;<\/a><\/p>\n","protected":false},"author":7,"featured_media":0,"parent":0,"menu_order":0,"comment_status":"closed","ping_status":"closed","template":"","meta":[],"_links":{"self":[{"href":"https:\/\/biblioteca.med.up.pt\/wordpress\/wp-json\/wp\/v2\/pages\/155"}],"collection":[{"href":"https:\/\/biblioteca.med.up.pt\/wordpress\/wp-json\/wp\/v2\/pages"}],"about":[{"href":"https:\/\/biblioteca.med.up.pt\/wordpress\/wp-json\/wp\/v2\/types\/page"}],"author":[{"embeddable":true,"href":"https:\/\/biblioteca.med.up.pt\/wordpress\/wp-json\/wp\/v2\/users\/7"}],"replies":[{"embeddable":true,"href":"https:\/\/biblioteca.med.up.pt\/wordpress\/wp-json\/wp\/v2\/comments?post=155"}],"version-history":[{"count":1,"href":"https:\/\/biblioteca.med.up.pt\/wordpress\/wp-json\/wp\/v2\/pages\/155\/revisions"}],"predecessor-version":[{"id":22059,"href":"https:\/\/biblioteca.med.up.pt\/wordpress\/wp-json\/wp\/v2\/pages\/155\/revisions\/22059"}],"wp:attachment":[{"href":"https:\/\/biblioteca.med.up.pt\/wordpress\/wp-json\/wp\/v2\/media?parent=155"}],"curies":[{"name":"wp","href":"https:\/\/api.w.org\/{rel}","templated":true}]}}